{"id":364,"date":"2023-08-26T08:29:32","date_gmt":"2023-08-26T11:29:32","guid":{"rendered":"https:\/\/marianaallievi.com.ar\/\/?page_id=364"},"modified":"2023-08-26T08:31:19","modified_gmt":"2023-08-26T11:31:19","slug":"statement","status":"publish","type":"page","link":"https:\/\/marianaallievi.com.ar\/?page_id=364","title":{"rendered":"statement"},"content":{"rendered":"\n<p class=\"has-text-align-center has-medium-font-size\" style=\"font-style:normal;font-weight:900;letter-spacing:0.73em\">statement<\/p>\n\n\n\n<div style=\"height:var(--wp--preset--spacing--60)\" aria-hidden=\"true\" class=\"wp-block-spacer\"><\/div>\n\n\n\n<p class=\"ticss-dc22d52d has-small-font-size\">Mi cuerpo de obra se va generando como una cadena meton\u00edmica, donde una obra me lleva a otra, y donde la deconstrucci\u00f3n y construcci\u00f3n de mi propio trabajo se tornan g\u00e9nesis del mismo y en cierta forma, espejo de mis ciclos vitales.<br>Si bien utilizo diversos recursos tanto pict\u00f3ricos como textiles y me abastezco de distintos lenguajes, que permiten enriquecer mi po\u00e9tica, es la pintura siempre la que organiza y dispone.<br>Paseo por lugares m\u00e1s bien fant\u00e1sticos, propicios para curiosos, donde surgen escenas que podr\u00eda definirlas como una met\u00e1fora de lo invisible, un hueco entre la realidad y la fantas\u00eda, universos imaginarios atravesados por la incertidumbre, atm\u00f3sferas teatrales que potencian lo expresivo y lo sutil al mismo tiempo.<br>La inmensidad en el paisaje, lo ef\u00edmero de la belleza, lo vivo, lo perecedero, son temas que me interpelan y atraviesan mi pintura.<br>Mi intenci\u00f3n es hablar en solitario con aquellos que est\u00e9n dispuestos a detenerse, a mirar en lo profundo, a hacerse preguntas y descubrir quiz\u00e1s que cada cosa puede ser otra.<br>Miro lo particular para entender lo universal.<br>Lo peque\u00f1o en lo inmenso.<\/p>\n","protected":false},"excerpt":{"rendered":"<p>statement Mi cuerpo de obra se va generando como una cadena meton\u00edmica, donde una obra me lleva a otra, y&hellip;<\/p>\n","protected":false},"author":1,"featured_media":0,"parent":0,"menu_order":0,"comment_status":"closed","ping_status":"closed","template":"","meta":{"pgc_sgb_lightbox_settings":"","_themeisle_gutenberg_block_has_review":false,"footnotes":""},"class_list":["post-364","page","type-page","status-publish","hentry"],"_links":{"self":[{"href":"https:\/\/marianaallievi.com.ar\/index.php?rest_route=\/wp\/v2\/pages\/364","targetHints":{"allow":["GET"]}}],"collection":[{"href":"https:\/\/marianaallievi.com.ar\/index.php?rest_route=\/wp\/v2\/pages"}],"about":[{"href":"https:\/\/marianaallievi.com.ar\/index.php?rest_route=\/wp\/v2\/types\/page"}],"author":[{"embeddable":true,"href":"https:\/\/marianaallievi.com.ar\/index.php?rest_route=\/wp\/v2\/users\/1"}],"replies":[{"embeddable":true,"href":"https:\/\/marianaallievi.com.ar\/index.php?rest_route=%2Fwp%2Fv2%2Fcomments&post=364"}],"version-history":[{"count":1,"href":"https:\/\/marianaallievi.com.ar\/index.php?rest_route=\/wp\/v2\/pages\/364\/revisions"}],"predecessor-version":[{"id":365,"href":"https:\/\/marianaallievi.com.ar\/index.php?rest_route=\/wp\/v2\/pages\/364\/revisions\/365"}],"wp:attachment":[{"href":"https:\/\/marianaallievi.com.ar\/index.php?rest_route=%2Fwp%2Fv2%2Fmedia&parent=364"}],"curies":[{"name":"wp","href":"https:\/\/api.w.org\/{rel}","templated":true}]}}

<p class="has-text-align-center has-medium-font-size" style="font-style:normal;font-weight:900;letter-spacing:0.73em">statement</p>



<div style="height:var(--wp--preset--spacing--60)" aria-hidden="true" class="wp-block-spacer"></div>



<p class="ticss-dc22d52d has-small-font-size">Mi cuerpo de obra se va generando como una cadena metonímica, donde una obra me lleva a otra, y donde la deconstrucción y construcción de mi propio trabajo se tornan génesis del mismo y en cierta forma, espejo de mis ciclos vitales.<br>Si bien utilizo diversos recursos tanto pictóricos como textiles y me abastezco de distintos lenguajes, que permiten enriquecer mi poética, es la pintura siempre la que organiza y dispone.<br>Paseo por lugares más bien fantásticos, propicios para curiosos, donde surgen escenas que podría definirlas como una metáfora de lo invisible, un hueco entre la realidad y la fantasía, universos imaginarios atravesados por la incertidumbre, atmósferas teatrales que potencian lo expresivo y lo sutil al mismo tiempo.<br>La inmensidad en el paisaje, lo efímero de la belleza, lo vivo, lo perecedero, son temas que me interpelan y atraviesan mi pintura.<br>Mi intención es hablar en solitario con aquellos que estén dispuestos a detenerse, a mirar en lo profundo, a hacerse preguntas y descubrir quizás que cada cosa puede ser otra.<br>Miro lo particular para entender lo universal.<br>Lo pequeño en lo inmenso.</p>

<p>statement Mi cuerpo de obra se va generando como una cadena metonímica, donde una obra me lleva a otra, y&hellip;</p>
