{"id":186,"date":"2023-08-19T15:16:20","date_gmt":"2023-08-19T18:16:20","guid":{"rendered":"https:\/\/marianaallievi.com.ar\/\/?page_id=186"},"modified":"2023-08-26T19:11:18","modified_gmt":"2023-08-26T22:11:18","slug":"reversibles","status":"publish","type":"page","link":"https:\/\/marianaallievi.com.ar\/?page_id=186","title":{"rendered":"reversibles"},"content":{"rendered":"\n<p class=\"has-text-align-center has-medium-font-size\" style=\"font-style:normal;font-weight:900;letter-spacing:0.73em\">reversibles<\/p>\n\n\n\n<div style=\"height:var(--wp--preset--spacing--60)\" aria-hidden=\"true\" class=\"wp-block-spacer\"><\/div>\n\n\n\n<figure class=\"wp-block-image size-large\"><img decoding=\"async\" src=\"https:\/\/marianaallievi.com.ar\/\/wp-content\/uploads\/2023\/08\/mariana-allievi-reversibles-003.jpg\" alt=\"\"\/><figcaption class=\"wp-element-caption\">I de la serie Reversibles<\/figcaption><\/figure>\n\n\n\n<figure class=\"wp-block-video\"><video height=\"720\" style=\"aspect-ratio: 1280 \/ 720;\" width=\"1280\" autoplay loop src=\"https:\/\/marianaallievi.com.ar\/\/wp-content\/uploads\/2023\/08\/Doble-04.mp4\"><\/video><\/figure>\n\n\n\n<figure class=\"wp-block-image size-full\"><img loading=\"lazy\" decoding=\"async\" width=\"1609\" height=\"2560\" src=\"https:\/\/marianaallievi.com.ar\/\/wp-content\/uploads\/2023\/08\/mariana-allievi-reversibles-001.jpg\" alt=\"\" class=\"wp-image-189\"\/><figcaption class=\"wp-element-caption\">I de la serie Reversibles, Anverso, acr\u00edlico sobre lienzo, 200 x 150 cm, 2022<\/figcaption><\/figure>\n\n\n\n<figure class=\"wp-block-image size-large\"><img decoding=\"async\" src=\"https:\/\/marianaallievi.com.ar\/\/wp-content\/uploads\/2023\/08\/mariana-allievi-reversibles-002.jpg\" alt=\"\"\/><figcaption class=\"wp-element-caption\">I de la serie Reversibles, Reverso, acr\u00edlico sobre lienzo, 200 x 150 cm, 2022<\/figcaption><\/figure>\n\n\n\n<figure class=\"wp-block-image size-large\"><img decoding=\"async\" src=\"https:\/\/marianaallievi.com.ar\/\/wp-content\/uploads\/2023\/08\/mariana-allievi-reversibles-006.jpg\" alt=\"\"\/><figcaption class=\"wp-element-caption\">II de la serie Reversibles<\/figcaption><\/figure>\n\n\n\n<figure class=\"wp-block-video\"><video height=\"720\" style=\"aspect-ratio: 1280 \/ 720;\" width=\"1280\" autoplay loop src=\"https:\/\/marianaallievi.com.ar\/\/wp-content\/uploads\/2023\/08\/Doble-03.mp4\"><\/video><\/figure>\n\n\n\n<figure class=\"wp-block-image size-large\"><img decoding=\"async\" src=\"https:\/\/marianaallievi.com.ar\/\/wp-content\/uploads\/2023\/08\/mariana-allievi-reversibles-004.jpg\" alt=\"\"\/><figcaption class=\"wp-element-caption\">II de la serie Reversibles, Anverso, acr\u00edlico sobre lienzo, 200 x 150 cm, 2022<\/figcaption><\/figure>\n\n\n\n<figure class=\"wp-block-image size-large\"><img decoding=\"async\" src=\"https:\/\/marianaallievi.com.ar\/\/wp-content\/uploads\/2023\/08\/mariana-allievi-reversibles-005.jpg\" alt=\"\"\/><figcaption class=\"wp-element-caption\">II de la serie Reversibles, Reverso, acr\u00edlico sobre lienzo, 200 x 150 cm, 2022<\/figcaption><\/figure>\n\n\n\n<figure class=\"wp-block-image size-large\"><img decoding=\"async\" src=\"https:\/\/marianaallievi.com.ar\/\/wp-content\/uploads\/2023\/08\/mariana-allievi-reversibles-009.jpg\" alt=\"\"\/><figcaption class=\"wp-element-caption\">III de la serie Reversibles<\/figcaption><\/figure>\n\n\n\n<figure class=\"wp-block-video\"><video height=\"720\" style=\"aspect-ratio: 1280 \/ 720;\" width=\"1280\" autoplay loop src=\"https:\/\/marianaallievi.com.ar\/\/wp-content\/uploads\/2023\/08\/Doble-02.mp4\"><\/video><\/figure>\n\n\n\n<figure class=\"wp-block-image size-large\"><img decoding=\"async\" src=\"https:\/\/marianaallievi.com.ar\/\/wp-content\/uploads\/2023\/08\/mariana-allievi-reversibles-007.jpg\" alt=\"\"\/><figcaption class=\"wp-element-caption\">III de la serie Reversibles, Anverso, acr\u00edlico sobre lienzo, 200 x 70 cm, 2022<\/figcaption><\/figure>\n\n\n\n<figure class=\"wp-block-image size-large\"><img decoding=\"async\" src=\"https:\/\/marianaallievi.com.ar\/\/wp-content\/uploads\/2023\/08\/mariana-allievi-reversibles-008.jpg\" alt=\"\"\/><figcaption class=\"wp-element-caption\">III de la serie Reversibles, Reverso, acr\u00edlico sobre lienzo, 200 x 70 cm, 2022<\/figcaption><\/figure>\n\n\n\n<figure class=\"wp-block-image size-large\"><img decoding=\"async\" src=\"https:\/\/marianaallievi.com.ar\/\/wp-content\/uploads\/2023\/08\/mariana-allievi-reversibles-012.jpg\" alt=\"\"\/><figcaption class=\"wp-element-caption\">IV de la serie Reversibles<\/figcaption><\/figure>\n\n\n\n<figure class=\"wp-block-video\"><video height=\"720\" style=\"aspect-ratio: 1280 \/ 720;\" width=\"1280\" autoplay loop src=\"https:\/\/marianaallievi.com.ar\/\/wp-content\/uploads\/2023\/08\/Doble-01.mp4\"><\/video><\/figure>\n\n\n\n<figure class=\"wp-block-image size-large\"><img decoding=\"async\" src=\"https:\/\/marianaallievi.com.ar\/\/wp-content\/uploads\/2023\/08\/mariana-allievi-reversibles-010.jpg\" alt=\"\"\/><figcaption class=\"wp-element-caption\">IV de la serie Reversibles, Anverso, acr\u00edlico sobre lienzo, 120 x 70 cm, 2022<\/figcaption><\/figure>\n\n\n\n<figure class=\"wp-block-image size-large\"><a href=\"https:\/\/marianaallievi.com.ar\/\/wp-content\/uploads\/2023\/08\/mariana-allievi-reversibles-011.jpg\"><img decoding=\"async\" src=\"https:\/\/marianaallievi.com.ar\/\/wp-content\/uploads\/2023\/08\/mariana-allievi-reversibles-011.jpg\" alt=\"\"\/><\/a><figcaption class=\"wp-element-caption\">IV de la serie Reversibles, Anverso, acr\u00edlico sobre lienzo, 120 x 70 cm, 2022<\/figcaption><\/figure>\n\n\n\n<div style=\"height:var(--wp--preset--spacing--60)\" aria-hidden=\"true\" class=\"wp-block-spacer\"><\/div>\n\n\n\n<div class=\"wp-block-getwid-accordion has-icon-left\" data-active-element=\"none\">\n<div class=\"wp-block-getwid-accordion__header-wrapper\"><span class=\"wp-block-getwid-accordion__header\"><a href=\"#\"><span class=\"wp-block-getwid-accordion__header-title\">texto reversibles<\/span><span class=\"wp-block-getwid-accordion__icon is-active\"><i class=\"fas fa-plus\"><\/i><\/span><span class=\"wp-block-getwid-accordion__icon is-passive\"><i class=\"fas fa-minus\"><\/i><\/span><\/a><\/span><\/div><div class=\"wp-block-getwid-accordion__content-wrapper\"><div class=\"wp-block-getwid-accordion__content\">\n<p class=\"ticss-131a2430 has-small-font-size\">Indagar el campo expandido de la pintura, me lleva a realizar una serie de operaciones que me permiten explorarla fuera de su lugar tradicional, el bastidor .Es as\u00ed como a trav\u00e9s de las diversas posibilidades que las mismas materialidades me van mostrando surgen series que se apoyan en esos encuentros. En este caso el trabajar una pintura m\u00e1s all\u00e1 de su punto de vista habitual y proponer un recorrido en su anverso y reverso, me facilit\u00f3 jugar con la idea de que la pintura sea le\u00edda como la hoja de un libro donde el espectador en su recorrido de vuelta la p\u00e1gina y lea del otro lado.<br>Texto que acompa\u00f1a la serie :<\/p>\n\n\n\n<p class=\"has-small-font-size\">Aspectos que viven en mi memoria<br>Ese silencio de todas maneras .<br>Cuando llegamos al centro de la oscuridad, el bosque<br>Su textura es incre\u00edble<br>He decidido ,<br>contemplar los cimientos de algo imposible.<br>Evocaci\u00f3n de una intimidad,<br>como un vestido que gire en el viento<br>Las fronteras se difuminan,<br>la b\u00fasqueda del comienzo.<br>La escala del paisaje interior<br>La cara opuesta ,<br>el dorso.<\/p>\n<\/div><\/div>\n<\/div>\n","protected":false},"excerpt":{"rendered":"<p>reversibles<\/p>\n","protected":false},"author":1,"featured_media":0,"parent":0,"menu_order":0,"comment_status":"closed","ping_status":"closed","template":"","meta":{"pgc_sgb_lightbox_settings":"","_themeisle_gutenberg_block_has_review":false,"footnotes":""},"class_list":["post-186","page","type-page","status-publish","hentry"],"_links":{"self":[{"href":"https:\/\/marianaallievi.com.ar\/index.php?rest_route=\/wp\/v2\/pages\/186","targetHints":{"allow":["GET"]}}],"collection":[{"href":"https:\/\/marianaallievi.com.ar\/index.php?rest_route=\/wp\/v2\/pages"}],"about":[{"href":"https:\/\/marianaallievi.com.ar\/index.php?rest_route=\/wp\/v2\/types\/page"}],"author":[{"embeddable":true,"href":"https:\/\/marianaallievi.com.ar\/index.php?rest_route=\/wp\/v2\/users\/1"}],"replies":[{"embeddable":true,"href":"https:\/\/marianaallievi.com.ar\/index.php?rest_route=%2Fwp%2Fv2%2Fcomments&post=186"}],"version-history":[{"count":13,"href":"https:\/\/marianaallievi.com.ar\/index.php?rest_route=\/wp\/v2\/pages\/186\/revisions"}],"predecessor-version":[{"id":438,"href":"https:\/\/marianaallievi.com.ar\/index.php?rest_route=\/wp\/v2\/pages\/186\/revisions\/438"}],"wp:attachment":[{"href":"https:\/\/marianaallievi.com.ar\/index.php?rest_route=%2Fwp%2Fv2%2Fmedia&parent=186"}],"curies":[{"name":"wp","href":"https:\/\/api.w.org\/{rel}","templated":true}]}}

<p class="has-text-align-center has-medium-font-size" style="font-style:normal;font-weight:900;letter-spacing:0.73em">reversibles</p>



<div style="height:var(--wp--preset--spacing--60)" aria-hidden="true" class="wp-block-spacer"></div>



<figure class="wp-block-image size-large"><img decoding="async" src="https://marianaallievi.com.ar//wp-content/uploads/2023/08/mariana-allievi-reversibles-003.jpg" alt=""/><figcaption class="wp-element-caption">I de la serie Reversibles</figcaption></figure>



<figure class="wp-block-video"><video height="720" style="aspect-ratio: 1280 / 720;" width="1280" autoplay loop src="https://marianaallievi.com.ar//wp-content/uploads/2023/08/Doble-04.mp4"></video></figure>



<figure class="wp-block-image size-full"><img loading="lazy" decoding="async" width="1609" height="2560" src="https://marianaallievi.com.ar//wp-content/uploads/2023/08/mariana-allievi-reversibles-001.jpg" alt="" class="wp-image-189"/><figcaption class="wp-element-caption">I de la serie Reversibles, Anverso, acrílico sobre lienzo, 200 x 150 cm, 2022</figcaption></figure>



<figure class="wp-block-image size-large"><img decoding="async" src="https://marianaallievi.com.ar//wp-content/uploads/2023/08/mariana-allievi-reversibles-002.jpg" alt=""/><figcaption class="wp-element-caption">I de la serie Reversibles, Reverso, acrílico sobre lienzo, 200 x 150 cm, 2022</figcaption></figure>



<figure class="wp-block-image size-large"><img decoding="async" src="https://marianaallievi.com.ar//wp-content/uploads/2023/08/mariana-allievi-reversibles-006.jpg" alt=""/><figcaption class="wp-element-caption">II de la serie Reversibles</figcaption></figure>



<figure class="wp-block-video"><video height="720" style="aspect-ratio: 1280 / 720;" width="1280" autoplay loop src="https://marianaallievi.com.ar//wp-content/uploads/2023/08/Doble-03.mp4"></video></figure>



<figure class="wp-block-image size-large"><img decoding="async" src="https://marianaallievi.com.ar//wp-content/uploads/2023/08/mariana-allievi-reversibles-004.jpg" alt=""/><figcaption class="wp-element-caption">II de la serie Reversibles, Anverso, acrílico sobre lienzo, 200 x 150 cm, 2022</figcaption></figure>



<figure class="wp-block-image size-large"><img decoding="async" src="https://marianaallievi.com.ar//wp-content/uploads/2023/08/mariana-allievi-reversibles-005.jpg" alt=""/><figcaption class="wp-element-caption">II de la serie Reversibles, Reverso, acrílico sobre lienzo, 200 x 150 cm, 2022</figcaption></figure>



<figure class="wp-block-image size-large"><img decoding="async" src="https://marianaallievi.com.ar//wp-content/uploads/2023/08/mariana-allievi-reversibles-009.jpg" alt=""/><figcaption class="wp-element-caption">III de la serie Reversibles</figcaption></figure>



<figure class="wp-block-video"><video height="720" style="aspect-ratio: 1280 / 720;" width="1280" autoplay loop src="https://marianaallievi.com.ar//wp-content/uploads/2023/08/Doble-02.mp4"></video></figure>



<figure class="wp-block-image size-large"><img decoding="async" src="https://marianaallievi.com.ar//wp-content/uploads/2023/08/mariana-allievi-reversibles-007.jpg" alt=""/><figcaption class="wp-element-caption">III de la serie Reversibles, Anverso, acrílico sobre lienzo, 200 x 70 cm, 2022</figcaption></figure>



<figure class="wp-block-image size-large"><img decoding="async" src="https://marianaallievi.com.ar//wp-content/uploads/2023/08/mariana-allievi-reversibles-008.jpg" alt=""/><figcaption class="wp-element-caption">III de la serie Reversibles, Reverso, acrílico sobre lienzo, 200 x 70 cm, 2022</figcaption></figure>



<figure class="wp-block-image size-large"><img decoding="async" src="https://marianaallievi.com.ar//wp-content/uploads/2023/08/mariana-allievi-reversibles-012.jpg" alt=""/><figcaption class="wp-element-caption">IV de la serie Reversibles</figcaption></figure>



<figure class="wp-block-video"><video height="720" style="aspect-ratio: 1280 / 720;" width="1280" autoplay loop src="https://marianaallievi.com.ar//wp-content/uploads/2023/08/Doble-01.mp4"></video></figure>



<figure class="wp-block-image size-large"><img decoding="async" src="https://marianaallievi.com.ar//wp-content/uploads/2023/08/mariana-allievi-reversibles-010.jpg" alt=""/><figcaption class="wp-element-caption">IV de la serie Reversibles, Anverso, acrílico sobre lienzo, 120 x 70 cm, 2022</figcaption></figure>



<figure class="wp-block-image size-large"><a href="https://marianaallievi.com.ar//wp-content/uploads/2023/08/mariana-allievi-reversibles-011.jpg"><img decoding="async" src="https://marianaallievi.com.ar//wp-content/uploads/2023/08/mariana-allievi-reversibles-011.jpg" alt=""/></a><figcaption class="wp-element-caption">IV de la serie Reversibles, Anverso, acrílico sobre lienzo, 120 x 70 cm, 2022</figcaption></figure>



<div style="height:var(--wp--preset--spacing--60)" aria-hidden="true" class="wp-block-spacer"></div>



<div class="wp-block-getwid-accordion has-icon-left" data-active-element="none">
<div class="wp-block-getwid-accordion__header-wrapper"><span class="wp-block-getwid-accordion__header"><a href="#"><span class="wp-block-getwid-accordion__header-title">texto reversibles</span><span class="wp-block-getwid-accordion__icon is-active"><i class="fas fa-plus"></i></span><span class="wp-block-getwid-accordion__icon is-passive"><i class="fas fa-minus"></i></span></a></span></div><div class="wp-block-getwid-accordion__content-wrapper"><div class="wp-block-getwid-accordion__content">
<p class="ticss-131a2430 has-small-font-size">Indagar el campo expandido de la pintura, me lleva a realizar una serie de operaciones que me permiten explorarla fuera de su lugar tradicional, el bastidor .Es así como a través de las diversas posibilidades que las mismas materialidades me van mostrando surgen series que se apoyan en esos encuentros. En este caso el trabajar una pintura más allá de su punto de vista habitual y proponer un recorrido en su anverso y reverso, me facilitó jugar con la idea de que la pintura sea leída como la hoja de un libro donde el espectador en su recorrido de vuelta la página y lea del otro lado.<br>Texto que acompaña la serie :</p>



<p class="has-small-font-size">Aspectos que viven en mi memoria<br>Ese silencio de todas maneras .<br>Cuando llegamos al centro de la oscuridad, el bosque<br>Su textura es increíble<br>He decidido ,<br>contemplar los cimientos de algo imposible.<br>Evocación de una intimidad,<br>como un vestido que gire en el viento<br>Las fronteras se difuminan,<br>la búsqueda del comienzo.<br>La escala del paisaje interior<br>La cara opuesta ,<br>el dorso.</p>
</div></div>
</div>
